 n is divided by z?
13
Let n(b) = -2*b**3 + 2*b - 3 - 4*b**2 - 3 + b**3. Let c(r) = r**3 - 9*r**2 + 10*r. What is the remainder when c(8) is divided by n(-5)?
7
Let p = -34 - -47. Let f be (-1800)/(-108)*1/(4/(-6)). Calculate the remainder when (f + -73)/(1*(0 + -2)) is divided by p.
10
Suppose 2*j + 6 = 0, -3*i + 2*j = -5*i + 28. Calculate the remainder when (8 + -2 + -8)*-58 is divided by i.
14
Let i = -105 + 148. Let a be -9*3 + 8 + -11. Let u = i + a. Calculate the remainder when u is divided by 7.
6
Let s(m) = -m**3 - 6*m**2 + 7*m - 6. Let w be s(-7). Let n be 612/63 - w/21. Suppose -n*c = -c - 72. What is the remainder when 15 is divided by c?
7
Suppose -5 = -v - 4*i, i - 120 = -3*v - 2*v. Calculate the remainder when v is divided by 13.
12
Calculate the remainder when 69 is divided by 206/6 + -1 - (-296)/444.
1
Let u(n) = n**3 - 6*n**2 + n - 6. Let p be u(6). Suppose p = -4*c + 12 + 24. Calculate the remainder when c is divided by 8.
1
Suppose 4*o + 6 = 30. Let r(m) be the third derivative of m**4/24 - m**3/3 - m**2. What is the remainder when r(o) is divided by 4?
0
Suppose -85 = -26*i + 175. Suppose 5*s - 187 = -0*s - 4*d, -d = s - 38. What is the remainder when s is divided by i?
5
Suppose 4*s = -4*s + 848. What is the remainder when s is divided by 38?
30
Suppose -9*f + 48 = 7*f. Calculate the remainder when 12 is divided by f.
0
Let u be (5/4)/(9/(-72)). Let g = u + 8. Calculate the remainder when 3 - 2*(-19 + g) is divided by 23.
22
Let p(n) = 3*n**2 + n + 3. Calculate the remainder when p(-6) is divided by 3/(7/(-441)*-7).
24
Suppose 0*k + k + 2*p - 15 = 0, 0 = -3*k - 2*p + 37. What is the remainder when (7/(-4))/(15/(-360)) is divided by k?
9
Let i(h) = -h**3 + 14*h**2 - 25*h + 30. Let k be i(12). Suppose 7*t - 2*t = 260. What is the remainder when t is divided by 6/(-4) - (3375/k)/(-15)?
8
Let a = 7 + 6. Let l = a - 8. Suppose s - 164 = -162. Calculate the remainder when l is divided by s.
1
Let z = 43 - 40. Suppose z*r - 311 = -0*s - 5*s, -5*s = 2*r - 209. Calculate the remainder when r is divided by 26.
24
Let d(q) = -q**3 + 25*q**2 + 30*q + 27. Calculate the remainder when d(26) is divided by 15.
11
Suppose -537 - 293 = -5*b. Calculate the remainder when b is divided by 7.
5
Suppose 6*w + 207 = 963. What is the remainder when w is divided by 12?
6
Let t be 3/(-4) - 57/(-12) - -3. Suppose -o = -18 + t. What is the remainder when 40 is divided by o?
7
Suppose 40*f - 13490 = -31*f. Calculate the remainder when f is divided by 12.
10
Suppose -13 = 4*a - 3*u, -4*a = -2*a + 2*u + 24. Suppose 2*i - 5*i = 2*f - 19, 2*f + 5*i = 29. Let k = f - a. What is the remainder when 15 is divided by k?
6
Suppose 4*y + 4*m = 40, 2*y + 2*m = -3*y + 50. Let a(f) = f**3 - 9*f**2 - 8*f + 16. Calculate the remainder when 105 is divided by a(y).
33
Let d be (3/(-2))/(8/(-304)). Calculate the remainder when 34 is divided by ((-96)/18 - -5)*(0 - d).
15
Let a be (6/(-9))/((-20)/30). Let q = a - -21. Calculate the remainder when 105 is divided by q.
17
Let s(q) = 224*q - 968. What is the remainder when s(6) is divided by 27?
25
Suppose -785 = 3*w - 164. Let i = -64 - w. Let n = i - 89. What is the remainder when n is divided by 19?
16
Let v be 76/(-6) - 26/(-39). What is the remainder when 56 is divided by -2 + 370/12 + (-2)/v?
27
Suppose -55*l + 2148 = -3187. What is the remainder when 677 is divided by l?
95
Let t = -61 + 95. Let v = t - 2. Calculate the remainder when v is divided by 12.
8
Suppose -2*v = -5 + 1. Suppose 0*u = v*u - 10. Calculate the remainder when 17 is divided by u.
2
Suppose 2*h - 12 = -h. Calculate the remainder when 92 is divided by (14/8 + 3)*h.
16
What is the remainder when 176 is divided by (-12)/2*(-1435)/105?
12
Let q(v) = -6*v**3 - 3*v**2. What is the remainder when q(-2) is divided by (-40)/2*3*1/(-6)?
6
Suppose -9*i + 2190 = 39. What is the remainder when i is divided by 66?
41
Suppose 0*c = 10*c - 40. Suppose -c*j = -18 - 26. Calculate the remainder when 29 is divided by j.
7
Suppose 0 = -18*p + 2251 + 3419. What is the remainder when p is divided by 79?
78
Suppose -5*q + t + 341 = 0, 2*t = -q + 3 + 74. Suppose 13*x - 15*x + 2 = 0, 4*u - 3*x = 45. What is the remainder when q is divided by u?
9
Let m = -132 + 95. Let u = m - -93. What is the remainder when u is divided by 22?
12
Let d(f) = 7*f - 5. Let z be d(3). Let t = z + -9. Calculate the remainder when 27 is divided by t.
6
Let b(m) = m**3 - 7*m**2 - 14*m + 12. Let d be b(9). Suppose 5*z - 8*z = -d. Calculate the remainder when (10/(-6))/(1/(-27)) is divided by z.
13
Suppose -333*d + 334*d = 144. What is the remainder when d is divided by 67?
10
Suppose -2*g + j + 34 = 2*g, -24 = -2*g - 3*j. Let x = g - 8. Suppose -x + 41 = 2*n. What is the remainder when n is divided by 11?
9
Let j(k) be the first derivative of k**2/2 - 3*k - 3. Let y be j(3). Suppose y*d + 20 = 4*d. Calculate the remainder when 7 is divided by d.
2
Let a(u) = u**2 + 12*u - 1. Let v be a(-13). Calculate the remainder when 5 is divided by v/9 + (-5)/(-3).
2
Let p be 1940/28 - (-4)/(-14). Suppose 0 = -5*k + 11 + p. Calculate the remainder when 29 is divided by k.
13
Suppose -4*x + 2*x + 8 = 0. Let u be (-13)/x + (-3)/(-12). What is the remainder when 40 - 3*2/u is divided by 15?
12
Let l = -3 - -4. Let n(j) be the second derivative of -j**5/20 + j**4/12 - j**2/2 + 37*j. Calculate the remainder when l is divided by n(-1).
0
Let r(n) = 5*n + 5. Let p be r(5). Suppose 0 = -4*y + 4*l - l - 120, 0 = -y + 3*l - p. What is the remainder when 5 is divided by ((-12)/(-10))/((-12)/y)?
2
Suppose -2*o + 169 + 45 = 0. Suppose -3*y - 5*t = -o, 3*t - 166 = -4*y + t. Calculate the remainder when y is divided by 23.
21
Let q = -109 - -161. Calculate the remainder when q is divided by 5.
2
Let x(c) = c - 21. Let y be x(-27). Let m = -13 - y. Calculate the remainder when m is divided by 12.
11
Let r(o) = -o**2 - 10*o - 3. Let x = 15 - 15. Let u = -3 - x. Calculate the remainder when 51 is divided by r(u).
15
Suppose -u = 2*u - 129. Let c(l) = 6*l**2 + 14*l + 19. What is the remainder when u is divided by c(-2)?
13
Suppose -2*z + 3 = -1. Suppose -r + 29 = 2*w, 25 = 7*r - z*r. What is the remainder when w is divided by 5?
2
Suppose 4*q = v - 67, 11*q = 8*q + 3. Calculate the remainder when 347 is divided by v.
63
Suppose 2*g - 3*g = 16. Calculate the remainder when 45 is divided by g*(3 - (-36)/(-8)).
21
Suppose -13 = -2*h + 3*x + 44, -4*x = 3*h - 77. Calculate the remainder when h is divided by 10.
7
Let d = -429 + 442. What is the remainder when 31 is divided by d?
5
Suppose 0 = -4*l + 3*r + 162, l + 3*r - 17 - 31 = 0. What is the remainder when l is divided by 4?
2
Let q = -6 - 2. Let l = q - -10. Suppose h + 60 = l*k - 3*h, 0 = 2*h + 8. What is the remainder when k is divided by 12?
10
Suppose -4*d + 3*q + 0*q = -493, q + 619 = 5*d. Let h = -877 + 902. What is the remainder when d is divided by h?
24
Calculate the remainder when (-14)/(-119) - 17060/(-68) is divided by 21.
20
Let d(l) = l**3 + 5*l**2 - l + 1. Let z = -95 + 92. What is the remainder when (1/(-3))/(2/(-258)) is divided by d(z)?
21
Suppose -5*s = -3*s - 2*h - 12, 4 = -s - 4*h. Calculate the remainder when (-438)/(-12) + 2/4 is divided by s/(-28) + (-423)/(-21).
17
Suppose -37 + 101 = 16*f. Suppose 6 = n + f. Suppose 4*l = -y + 17, 13 = 3*l - 2*l + 2*y. Calculate the remainder when l is divided by n.
1
Let l(w) be the third derivative of 121*w**6/120 - 2*w**2. Let p be l(1). Calculate the remainder when p/3 + (-4)/(-6) is divided by 14.
13
Let a(j) = 0*j + 12*j - 7*j - 2*j + 2. Let d be a(1). Calculate the remainder when 2/1 + (27 - d) is divided by 13.
11
Suppose 10*c = -2*c + 8*c. Suppose c*t + 4*t - 149 = -5*p, 124 = 4*p + 2*t. Suppose -m + 2 = -5. Calculate the remainder when p is divided by m.
5
Let d(c) = -15*c. Let g(k) = k**2 - 9*k - 1422. What is the remainder when g(43) is divided by d(-1)?
10
Let l = 345 + -290. What is the remainder when l is divided by 31?
24
Let y(m) = m**3 + 43*m**2 + 81*m + 35. Calculate the remainder when y(-41) is divided by 5.
1
Let o be (6*8/(-84))/((-2)/7). Calculate the remainder when (4 - o) + (-184)/(-4) is divided by 14.
6
Suppose 0 = 5*l + 5*c - 415, -139 - 157 = -4*l + 5*c. Calculate the remainder when l is